s of 2311110975?
3, 5, 311, 99083
List the prime factors of 2118011185.
5, 2897, 146221
List the prime factors of 420397266.
2, 3, 23, 173, 17609
What are the prime factors of 308157949?
11, 31, 499, 1811
List the prime factors of 3438042.
2, 3, 573007
List the prime factors of 30029312.
2, 89, 659
What are the prime factors of 73671464?
2, 83, 110951
List the prime factors of 854925617.
7, 13, 23, 408469
List the prime factors of 734417212.
2, 183604303
What are the prime factors of 436945329?
3, 23, 2110847
What are the prime factors of 235168070?
2, 5, 3229, 7283
List the prime factors of 433120730.
2, 5, 7, 17, 363967
List the prime factors of 82604655.
3, 5, 7, 262237
What are the prime factors of 531077131?
13, 197, 207371
What are the prime factors of 18760708?
2, 47, 73, 1367
What are the prime factors of 222915372?
2, 3, 19, 941, 1039
What are the prime factors of 47528543?
47528543
What are the prime factors of 366868607?
7, 23, 557, 4091
What are the prime factors of 4791192455?
5, 7, 47, 2912579
List the prime factors of 7768894386.
2, 3, 11, 1759, 66919
List the prime factors of 3888541854.
2, 3, 31, 2389, 2917
List the prime factors of 94573819.
94573819
List the prime factors of 5544269831.
1831, 3028001
List the prime factors of 3683014208.
2, 733, 78509
What are the prime factors of 212421917?
212421917
List the prime factors of 385088381.
12553, 30677
List the prime factors of 81365294.
2, 37, 857, 1283
List the prime factors of 1103373822.
2, 3, 53, 67, 51787
List the prime factors of 56002473.
3, 6222497
What are the prime factors of 372205038?
2, 3, 17, 1579, 2311
What are the prime factors of 2033998255?
5, 43, 149, 63493
What are the prime factors of 64485715?
5, 7, 19, 1979
What are the prime factors of 831949964?
2, 61, 331, 10301
List the prime factors of 4038067523.
7, 576866789
What are the prime factors of 88392911?
17, 5199583
List the prime factors of 2837075476.
2, 47, 15090827
What are the prime factors of 13647731?
13647731
What are the prime factors of 1420934036?
2, 463, 767243
List the prime factors of 2151232290.
2, 3, 5, 31, 257017
What are the prime factors of 654913230?
2, 3, 5, 71, 307471
What are the prime factors of 619952457?
3, 43, 577, 8329
List the prime factors of 524839856.
2, 32802491
List the prime factors of 101771521.
101771521
List the prime factors of 17942933.
1181, 15193
What are the prime factors of 64415769?
3, 11, 1951993
What are the prime factors of 168134043?
3, 7, 11, 103979
List the prime factors of 18657052.
2, 4664263
What are the prime factors of 431277275?
5, 11, 13, 997
What are the prime factors of 803803912?
2, 100475489
List the prime factors of 262459929.
3, 2137, 40939
What are the prime factors of 90634812?
2, 3, 23, 541, 607
What are the prime factors of 86441195?
5, 59, 293021
List the prime factors of 151288806.
2, 3, 811, 31091
List the prime factors of 134898441.
3, 44966147
What are the prime factors of 91059303?
3, 30353101
What are the prime factors of 2009066622?
2, 3, 334844437
List the prime factors of 21985391.
2063, 10657
What are the prime factors of 1733504851?
13, 133346527
What are the prime factors of 8511083?
7, 751, 1619
What are the prime factors of 64037030?
2, 5, 19, 47, 71, 101
What are the prime factors of 3207452387?
823, 3897269
What are the prime factors of 46022717?
13, 97, 36497
What are the prime factors of 57613201?
509, 113189
List the prime factors of 743597936.
2, 281, 165391
What are the prime factors of 259943154?
2, 3, 293, 147863
List the prime factors of 97974094.
2, 17, 2881591
List the prime factors of 1929729263.
7, 11, 397, 63127
What are the prime factors of 140464295?
5, 28092859
List the prime factors of 222769778.
2, 7, 11, 206651
What are the prime factors of 38491105?
5, 1553, 4957
List the prime factors of 591577281.
3, 65730809
What are the prime factors of 1429143485?
5, 7, 11, 43, 173, 499
List the prime factors of 1532043829.
6547, 234007
What are the prime factors of 73066481?
73066481
List the prime factors of 2782674564.
2, 3, 19, 12204713
List the prime factors of 18233023.
18233023
What are the prime factors of 62166407?
163, 381389
What are the prime factors of 1484446204?
2, 1301, 285251
What are the prime factors of 46157287?
11, 103, 40739
What are the prime factors of 59244884?
2, 43, 53, 67, 97
What are the prime factors of 196094379?
3, 13, 109, 163, 283
List the prime factors of 588120198.
2, 3, 98020033
List the prime factors of 252882536.
2, 31610317
What are the prime factors of 10858075?
5, 434323
What are the prime factors of 1994992842?
2, 3, 41, 59, 137453
What are the prime factors of 2956681602?
2, 3, 7, 23, 29, 1303
What are the prime factors of 137859694?
2, 7, 1163, 8467
List the prime factors of 383820692.
2, 8287, 11579
What are the prime factors of 67021484?
2, 109, 153719
List the prime factors of 227757909.
3, 29, 2617907
List the prime factors of 1459571643.
3, 773, 23311
What are the prime factors of 932493626?
2, 466246813
What are the prime factors of 1031646543?
3, 37, 71, 79, 1657
What are the prime factors of 107378997?
3, 11, 59, 131, 421
What are the prime factors of 176298786?
2, 3, 47, 208391
List the prime factors of 619087023.
3, 463, 49523
What are the prime factors of 37431731?
37431731
What are the prime factors of 881739480?
2, 3, 5, 173, 42473
What are the prime factors of 23166386?
2, 199, 58207
What are the prime factors of 1831222608?
2, 3, 38150471
List the prime factors of 3323052413.
3323052413
What are the prime factors of 74321653?
7, 1021, 10399
List the prime factors of 5524434582.
2, 3, 10181, 90437
What are the prime factors of 333230086?
2, 7, 349, 9743
What are the prime factors of 156452017?
43, 3638419
What are the prime factors of 365751327?
3, 37, 809, 4073
List the prime factors of 1733320667.
13, 133332359
List the prime factors of 2176213198.
2, 67, 911, 17827
List the prime factors of 145994031.
3, 1543, 10513
What are the prime factors of 1002445306?
2, 251, 1996903
List the prime factors of 1160821155.
3, 5, 13, 23, 61, 4243
List the prime factors of 75273245.
5, 2053, 7333
List the prime factors of 1462618118.
2, 13, 2459, 22877
What are the prime factors of 300416944?
2, 359, 52301
What are the prime factors of 41225279?
41225279
List the prime factors of 69381183.
3, 4027, 5743
What are the prime factors of 123549955?
5, 24709991
What are the prime factors of 116510449?
11, 2473, 4283
What are the prime factors of 39435459?
3, 7, 71, 26449
List the prime factors of 79467636.
2, 3, 6622303
What are the prime factors of 656599211?
17, 487, 79309
What are the prime factors of 85956544?
2, 1343071
What are the prime factors of 57503796?
2, 3, 7, 684569
What are the prime factors of 1121424815?
5, 7, 241, 132949
List the prime factors of 8332980.
2, 3, 5, 138883
What are the prime factors of 56073070?
2, 5, 1277, 4391
List the prime factors of 614491616.
2, 19, 313, 3229
List the prime factors of 3420204386.
2, 367, 4659679
List the prime factors of 1196744203.
19, 41, 1536257
What are the prime factors of 303459139?
2953, 102763
What are the prime factors of 89904872?
2, 29, 181, 2141
What are the prime factors of 301896062?
2, 13, 223, 52069
List the prime factors of 41910054.
2, 3, 6985009
List the prime factors of 858563493.
3, 41, 6980191
List the prime factors of 1004701087.
13, 563, 137273
What are the prime factors of 166362184?
2, 43, 483611
What are the prime factors of 54586784?
2, 7, 31, 1123
List the prime factors of 878523290.
2, 5, 87852329
List the prime factors of 29458844.
2, 7364711
What are the prime factors of 16698625?
5, 19, 79, 89
List the prime factors of 153222702.
2, 3, 67, 563, 677
List the prime factors of 36520201.
31, 43, 27397
List the prime factors of 169973529.
3, 11, 5150713
What are the prime factors of 26268719?
26268719
What are the prime factors of 174036506?
2, 7, 937, 13267
List the prime factors of 1953291554.
2, 109, 8960053
What are the prime factors of 21717080?
2, 5, 7, 11, 641
What are the prime factors of 403988396?
2, 7, 14428157
List the prime factors of 1784652562.
2, 7, 11, 131, 88463
List the prime factors of 21122000.
2, 5, 59, 179
List the prime factors of 4817085479.
211, 2741, 8329
Wh